{"id":95,"date":"2018-04-17T07:39:30","date_gmt":"2018-04-17T07:39:30","guid":{"rendered":"http:\/\/cinerama.edge-themes.com\/?page_id=95"},"modified":"2021-10-10T10:51:19","modified_gmt":"2021-10-10T08:51:19","slug":"movie-studio","status":"publish","type":"page","link":"https:\/\/www.fsf.si\/2021\/en\/movie-studio\/","title":{"rendered":"Festival of Slovenian Film 2021"},"content":{"rendered":"<div class=\"vc_row wpb_row vc_row-fluid vc_custom_1559914417214 vc_row-has-fill\" style=\"background-color:#1d1d1b\"><div class=\"wpb_column vc_column_container vc_col-sm-12\"><div class=\"vc_column-inner vc_custom_1559499880567\"><div class=\"wpb_wrapper\"><div class=\"wpb_revslider_element wpb_content_element\">\n\t\t\t<!-- START ANG REVOLUTION SLIDER 6.2.23 --><p class=\"rs-p-wp-fix\"><\/p>\n\t\t\t<rs-module-wrap id=\"rev_slider_7_1_wrapper\" data-source=\"gallery\" style=\"background:transparent;padding:0;margin:0px auto;margin-top:0;margin-bottom:0;max-width:;\">\n\t\t\t\t<rs-module id=\"rev_slider_7_1\" style=\"\" data-version=\"6.2.23\">\n\t\t\t\t\t<rs-slides>\n\t\t\t\t\t\t<rs-slide data-key=\"rs-7\" data-title=\"Slide\" data-anim=\"ei:d;eo:d;s:600;r:0;t:fade;sl:d;\">\n\t\t\t\t\t\t\t<img src=\"\/\/www.fsf.si\/2021\/wp-content\/uploads\/2021\/10\/FSF-Cover-EN.jpg\" title=\"FSF-Cover-EN\" width=\"2400\" height=\"800\" class=\"rev-slidebg\" data-no-retina>\n<!---->\t\t\t\t\t\t<\/rs-slide>\n\t\t\t\t\t<\/rs-slides>\n\t\t\t\t<\/rs-module>\n\t\t\t\t<script type=\"text\/javascript\">\n\t\t\t\t\tsetREVStartSize({c: 'rev_slider_7_1',rl:[1240,1024,778,480],el:[400],gw:[1200],gh:[400],type:'standard',justify:'',layout:'fullwidth',mh:\"0\"});\n\t\t\t\t\tvar\trevapi7,\n\t\t\t\t\t\ttpj;\n\t\t\t\t\tfunction revinit_revslider71() {\n\t\t\t\t\tjQuery(function() {\n\t\t\t\t\t\ttpj = jQuery;\n\t\t\t\t\t\trevapi7 = tpj(\"#rev_slider_7_1\");\n\t\t\t\t\t\tif(revapi7==undefined || revapi7.revolution == undefined){\n\t\t\t\t\t\t\trevslider_showDoubleJqueryError(\"rev_slider_7_1\");\n\t\t\t\t\t\t}else{\n\t\t\t\t\t\t\trevapi7.revolution({\n\t\t\t\t\t\t\t\tvisibilityLevels:\"1240,1024,778,480\",\n\t\t\t\t\t\t\t\tgridwidth:1200,\n\t\t\t\t\t\t\t\tgridheight:400,\n\t\t\t\t\t\t\t\tautoHeight:true,\n\t\t\t\t\t\t\t\tspinner:\"spinner0\",\n\t\t\t\t\t\t\t\tperspective:600,\n\t\t\t\t\t\t\t\tperspectiveType:\"local\",\n\t\t\t\t\t\t\t\teditorheight:\"400,768,960,720\",\n\t\t\t\t\t\t\t\tresponsiveLevels:\"1240,1024,778,480\",\n\t\t\t\t\t\t\t\tprogressBar:{disableProgressBar:true},\n\t\t\t\t\t\t\t\tnavigation: {\n\t\t\t\t\t\t\t\t\tonHoverStop:false\n\t\t\t\t\t\t\t\t},\n\t\t\t\t\t\t\t\tfallbacks: {\n\t\t\t\t\t\t\t\t\tallowHTML5AutoPlayOnAndroid:true\n\t\t\t\t\t\t\t\t},\n\t\t\t\t\t\t\t});\n\t\t\t\t\t\t}\n\t\t\t\t\t\t\n\t\t\t\t\t});\n\t\t\t\t\t} \/\/ End of RevInitScript\n\t\t\t\tvar once_revslider71 = false;\n\t\t\t\tif (document.readyState === \"loading\") {document.addEventListener('readystatechange',function() { if((document.readyState === \"interactive\" || document.readyState === \"complete\") && !once_revslider71 ) { once_revslider71 = true; revinit_revslider71();}});} else {once_revslider71 = true; revinit_revslider71();}\n\t\t\t\t<\/script>\n\t\t\t<\/rs-module-wrap>\n\t\t\t<!-- END REVOLUTION SLIDER -->\n<\/div><\/div><\/div><\/div><\/div><div class=\"edgtf-row-grid-section-wrapper \"  style=\"background-color:#1d1d1b\"><div class=\"edgtf-row-grid-section\"><div class=\"vc_row wpb_row vc_row-fluid vc_custom_1633508193218\" ><div class=\"wpb_column vc_column_container vc_col-sm-4\"><div class=\"vc_column-inner\"><div class=\"wpb_wrapper\"><div class=\"edgtf-single-image-holder    edgtf-image-behavior-custom-link edgtf-image-align-left\">\n    <div class=\"edgtf-si-inner\" >\n        \t            <a itemprop=\"url\" href=\"https:\/\/www.fsf.si\/2021\/en\/films\/\" target=\"_self\">\n                                    <img width=\"600\" height=\"400\" src=\"https:\/\/www.fsf.si\/2021\/wp-content\/uploads\/2021\/10\/FSF_filmi_En.jpg\" class=\"attachment-full size-full\" alt=\"\" loading=\"lazy\" srcset=\"https:\/\/www.fsf.si\/2021\/wp-content\/uploads\/2021\/10\/FSF_filmi_En.jpg 600w, https:\/\/www.fsf.si\/2021\/wp-content\/uploads\/2021\/10\/FSF_filmi_En-300x200.jpg 300w\" sizes=\"(max-width: 600px) 100vw, 600px\" \/>\t                                            <\/a>\n            <\/div>\n<\/div><\/div><\/div><\/div><div class=\"wpb_column vc_column_container vc_col-sm-4\"><div class=\"vc_column-inner\"><div class=\"wpb_wrapper\"><div class=\"edgtf-single-image-holder    edgtf-image-behavior-custom-link edgtf-image-align-left\">\n    <div class=\"edgtf-si-inner\" >\n        \t            <a itemprop=\"url\" href=\"https:\/\/www.fsf.si\/2021\/en\/schedule\/\" target=\"_blank\">\n                                    <img width=\"600\" height=\"400\" src=\"https:\/\/www.fsf.si\/2021\/wp-content\/uploads\/2021\/10\/FSF_urnik_en-1.jpg\" class=\"attachment-full size-full\" alt=\"\" loading=\"lazy\" srcset=\"https:\/\/www.fsf.si\/2021\/wp-content\/uploads\/2021\/10\/FSF_urnik_en-1.jpg 600w, https:\/\/www.fsf.si\/2021\/wp-content\/uploads\/2021\/10\/FSF_urnik_en-1-300x200.jpg 300w\" sizes=\"(max-width: 600px) 100vw, 600px\" \/>\t                                            <\/a>\n            <\/div>\n<\/div><\/div><\/div><\/div><div class=\"wpb_column vc_column_container vc_col-sm-4\"><div class=\"vc_column-inner\"><div class=\"wpb_wrapper\"><div class=\"edgtf-single-image-holder    edgtf-image-behavior-custom-link edgtf-image-align-left\">\n    <div class=\"edgtf-si-inner\" >\n        \t            <a itemprop=\"url\" href=\"https:\/\/www.fsf.si\/2021\/en\/industry-programme\/\" target=\"_self\">\n                                    <img width=\"600\" height=\"400\" src=\"https:\/\/www.fsf.si\/2021\/wp-content\/uploads\/2021\/10\/FSF_Strokovni_program_EN.jpg\" class=\"attachment-full size-full\" alt=\"\" loading=\"lazy\" srcset=\"https:\/\/www.fsf.si\/2021\/wp-content\/uploads\/2021\/10\/FSF_Strokovni_program_EN.jpg 600w, https:\/\/www.fsf.si\/2021\/wp-content\/uploads\/2021\/10\/FSF_Strokovni_program_EN-300x200.jpg 300w\" sizes=\"(max-width: 600px) 100vw, 600px\" \/>\t                                            <\/a>\n            <\/div>\n<\/div><\/div><\/div><\/div><\/div><\/div><\/div><div class=\"edgtf-row-grid-section-wrapper \"  style=\"background-color:#1d1d1b\"><div class=\"edgtf-row-grid-section\"><div class=\"vc_row wpb_row vc_row-fluid vc_custom_1633508126093\" ><div class=\"wpb_column vc_column_container vc_col-sm-4\"><div class=\"vc_column-inner\"><div class=\"wpb_wrapper\"><div class=\"edgtf-single-image-holder    edgtf-image-behavior-custom-link edgtf-image-align-left\">\n    <div class=\"edgtf-si-inner\" >\n        \t            <a itemprop=\"url\" href=\"https:\/\/www.fsf.si\/2021\/en\/social-events\/\" target=\"_self\">\n                                    <img width=\"600\" height=\"400\" src=\"https:\/\/www.fsf.si\/2021\/wp-content\/uploads\/2021\/10\/SEE.png\" class=\"attachment-full size-full\" alt=\"\" loading=\"lazy\" srcset=\"https:\/\/www.fsf.si\/2021\/wp-content\/uploads\/2021\/10\/SEE.png 600w, https:\/\/www.fsf.si\/2021\/wp-content\/uploads\/2021\/10\/SEE-300x200.png 300w\" sizes=\"(max-width: 600px) 100vw, 600px\" \/>\t                                            <\/a>\n            <\/div>\n<\/div><\/div><\/div><\/div><div class=\"wpb_column vc_column_container vc_col-sm-4\"><div class=\"vc_column-inner\"><div class=\"wpb_wrapper\"><div class=\"edgtf-single-image-holder    edgtf-image-behavior-custom-link edgtf-image-align-left\">\n    <div class=\"edgtf-si-inner\" >\n        \t            <a itemprop=\"url\" href=\"https:\/\/www.flickr.com\/photos\/festivalslovenskegafilma\/collections\/72157719992373476\/\" target=\"_blank\">\n                                    <img width=\"600\" height=\"400\" src=\"https:\/\/www.fsf.si\/2021\/wp-content\/uploads\/2020\/10\/GALLERY.png\" class=\"attachment-full size-full\" alt=\"\" loading=\"lazy\" \/>\t                                            <\/a>\n            <\/div>\n<\/div><\/div><\/div><\/div><div class=\"wpb_column vc_column_container vc_col-sm-4\"><div class=\"vc_column-inner\"><div class=\"wpb_wrapper\"><div class=\"edgtf-single-image-holder    edgtf-image-behavior-custom-link edgtf-image-align-left\">\n    <div class=\"edgtf-si-inner\" >\n        \t            <a itemprop=\"url\" href=\"https:\/\/www.fsf.si\/2021\/en\/accreditation\/\" target=\"_self\">\n                                    <img width=\"600\" height=\"400\" src=\"https:\/\/www.fsf.si\/2021\/wp-content\/uploads\/2021\/10\/ACCREDITATION.png\" class=\"attachment-full size-full\" alt=\"\" loading=\"lazy\" srcset=\"https:\/\/www.fsf.si\/2021\/wp-content\/uploads\/2021\/10\/ACCREDITATION.png 600w, https:\/\/www.fsf.si\/2021\/wp-content\/uploads\/2021\/10\/ACCREDITATION-300x200.png 300w\" sizes=\"(max-width: 600px) 100vw, 600px\" \/>\t                                            <\/a>\n            <\/div>\n<\/div><\/div><\/div><\/div><\/div><\/div><\/div><div class=\"edgtf-row-grid-section-wrapper edgtf-content-aligment-left\"  ><div class=\"edgtf-row-grid-section\"><div class=\"vc_row wpb_row vc_row-fluid vc_custom_1590666780264 vc_row-has-fill\" ><div class=\"wpb_column vc_column_container vc_col-sm-12\"><div class=\"vc_column-inner\"><div class=\"wpb_wrapper\"><div class=\"edgtf-section-title-holder  edgtf-st-reverse edgtf-st-title-left edgtf-st-ratio-1-2 edgtf-st-large-space\" style=\"text-align: center\">\n\t<div class=\"edgtf-st-inner\">\n\t\t\t\t\t<h6 class=\"edgtf-st-text\" >\n\t\t\t\tIN THE\t\t\t<\/h6>\n\t\t\t\t\t\t\t<h3 class=\"edgtf-st-title\" >\n\t\t\t\tHEADLINES\t\t\t<\/h3>\n\t\t\t<\/div>\n<\/div><div class=\"vc_empty_space\"   style=\"height: 58px\"><span class=\"vc_empty_space_inner\"><\/span><\/div><div class=\"edgtf-blog-list-holder edgtf-bl-standard edgtf-bl-three-columns edgtf-normal-space  edgtf-bl-has-image edgtf-bl-pag-no-pagination\"  data-type=standard data-number-of-posts=3 data-number-of-columns=3 data-space-between-items=normal data-category=news data-orderby=date data-order=DESC data-image-size=full data-title-tag=h4 data-excerpt-length=17 data-post-info-section=yes data-post-info-image=yes data-post-info-author=yes data-post-info-date=yes data-post-info-category=no data-post-info-comments=no data-post-info-like=no data-post-info-share=no data-post-read-more=no data-pagination-type=no-pagination data-max-num-pages=12 data-next-page=2>\n\t<div class=\"edgtf-bl-wrapper edgtf-outer-space\">\n\t\t<ul class=\"edgtf-blog-list\">\n\t\t\t<li class=\"edgtf-bl-item edgtf-item-space clearfix\">\n\t<div class=\"edgtf-bli-inner\">\n\t\t\n\t<div class=\"edgtf-post-image\">\n\t\t            <a itemprop=\"url\" href=\"https:\/\/www.fsf.si\/2021\/gremo-ponovno-na-morje\/\" title=\"Gremo (ponovno) na morje!\">\n\t\t\t\t\t<img width=\"800\" height=\"534\" src=\"https:\/\/www.fsf.si\/2021\/wp-content\/uploads\/2022\/03\/51600019578_77cfdb392b_c.jpg\" class=\"attachment-full size-full wp-post-image\" alt=\"\" loading=\"lazy\" \/>\t\t\t\t\t\t\t\t\t<\/a>\n\t\t\t\t\t<\/div>\n        <div class=\"edgtf-bli-content\">\n                            <div class=\"edgtf-bli-info\">\n\t                <div itemprop=\"dateCreated\" class=\"edgtf-post-info-date entry-date published updated\">\n\t\t\t<a itemprop=\"url\" href=\"https:\/\/www.fsf.si\/2021\/2022\/03\/\">\n\t\t\t\t\t\t25\/03\/2022\t\t<\/a>\n\t\t<meta itemprop=\"interactionCount\" content=\"UserComments: 0\"\/>\n<\/div><div class=\"edgtf-post-info-author\">\n    <span class=\"edgtf-post-info-author-text\">\n        by    <\/span>\n    <a itemprop=\"author\" class=\"edgtf-post-info-author-link\" href=\"https:\/\/www.fsf.si\/2021\/author\/dignitas\/\">\n        dignitas    <\/a>\n<\/div>                <\/div>\n            \t\n\t        \n<h4 itemprop=\"name\" class=\"entry-title edgtf-post-title\" >\n            <a itemprop=\"url\" href=\"https:\/\/www.fsf.si\/2021\/gremo-ponovno-na-morje\/\" title=\"Gremo (ponovno) na morje!\">\n            Gremo (ponovno) na morje!            <\/a>\n    <\/h4>\t\n\t        <div class=\"edgtf-bli-excerpt\">\n\t\t        \t\t<div class=\"edgtf-post-excerpt-holder\">\n\t\t\t<p itemprop=\"description\" class=\"edgtf-post-excerpt\">\n\t\t\t\t\nPo lanski vrnitvi na Obalo se bo tudi leto\u0161nja jubilejna edicija Festivala slovenskega filma odvila v Portoro\u017eu.\t\t\t<\/p>\n\t\t<\/div>\n\t\t        <\/div>\n        <\/div>\n\t<\/div>\n<\/li><li class=\"edgtf-bl-item edgtf-item-space clearfix\">\n\t<div class=\"edgtf-bli-inner\">\n\t\t\n\t<div class=\"edgtf-post-image\">\n\t\t            <a itemprop=\"url\" href=\"https:\/\/www.fsf.si\/2021\/vrstni-red-glasovanja-obcinstva\/\" title=\"Vrstni red glasovanja ob\u010dinstva\">\n\t\t\t\t\t<img width=\"1920\" height=\"1282\" src=\"https:\/\/www.fsf.si\/2021\/wp-content\/uploads\/2021\/09\/W_huzjak-20191106-Eva-snemanje_filma-327_photoSasaHuzjak_web-1.jpg\" class=\"attachment-full size-full wp-post-image\" alt=\"\" loading=\"lazy\" srcset=\"https:\/\/www.fsf.si\/2021\/wp-content\/uploads\/2021\/09\/W_huzjak-20191106-Eva-snemanje_filma-327_photoSasaHuzjak_web-1.jpg 1920w, https:\/\/www.fsf.si\/2021\/wp-content\/uploads\/2021\/09\/W_huzjak-20191106-Eva-snemanje_filma-327_photoSasaHuzjak_web-1-300x200.jpg 300w, https:\/\/www.fsf.si\/2021\/wp-content\/uploads\/2021\/09\/W_huzjak-20191106-Eva-snemanje_filma-327_photoSasaHuzjak_web-1-1024x684.jpg 1024w, https:\/\/www.fsf.si\/2021\/wp-content\/uploads\/2021\/09\/W_huzjak-20191106-Eva-snemanje_filma-327_photoSasaHuzjak_web-1-768x513.jpg 768w, https:\/\/www.fsf.si\/2021\/wp-content\/uploads\/2021\/09\/W_huzjak-20191106-Eva-snemanje_filma-327_photoSasaHuzjak_web-1-1536x1026.jpg 1536w\" sizes=\"(max-width: 1920px) 100vw, 1920px\" \/>\t\t\t\t\t\t\t\t\t<\/a>\n\t\t\t\t\t<\/div>\n        <div class=\"edgtf-bli-content\">\n                            <div class=\"edgtf-bli-info\">\n\t                <div itemprop=\"dateCreated\" class=\"edgtf-post-info-date entry-date published updated\">\n\t\t\t<a itemprop=\"url\" href=\"https:\/\/www.fsf.si\/2021\/2021\/10\/\">\n\t\t\t\t\t\t21\/10\/2021\t\t<\/a>\n\t\t<meta itemprop=\"interactionCount\" content=\"UserComments: 0\"\/>\n<\/div><div class=\"edgtf-post-info-author\">\n    <span class=\"edgtf-post-info-author-text\">\n        by    <\/span>\n    <a itemprop=\"author\" class=\"edgtf-post-info-author-link\" href=\"https:\/\/www.fsf.si\/2021\/author\/fsfsmail\/\">\n        FSFSmail    <\/a>\n<\/div>                <\/div>\n            \t\n\t        \n<h4 itemprop=\"name\" class=\"entry-title edgtf-post-title\" >\n            <a itemprop=\"url\" href=\"https:\/\/www.fsf.si\/2021\/vrstni-red-glasovanja-obcinstva\/\" title=\"Vrstni red glasovanja ob\u010dinstva\">\n            Vrstni red glasovanja ob\u010dinstva            <\/a>\n    <\/h4>\t\n\t        <div class=\"edgtf-bli-excerpt\">\n\t\t        \t\t<div class=\"edgtf-post-excerpt-holder\">\n\t\t\t<p itemprop=\"description\" class=\"edgtf-post-excerpt\">\n\t\t\t\t\nVesno za najbolj\u0161i film po izboru ob\u010dinstva je prejel film Prasica, slab\u0161alni izraz za \u017eensko s povpre\u010dno\t\t\t<\/p>\n\t\t<\/div>\n\t\t        <\/div>\n        <\/div>\n\t<\/div>\n<\/li><li class=\"edgtf-bl-item edgtf-item-space clearfix\">\n\t<div class=\"edgtf-bli-inner\">\n\t\t\n\t<div class=\"edgtf-post-image\">\n\t\t            <a itemprop=\"url\" href=\"https:\/\/www.fsf.si\/2021\/podeljene-so-nagrade-24-fsf\/\" title=\"Podeljene so nagrade 24. FSF\">\n\t\t\t\t\t<img width=\"773\" height=\"400\" src=\"https:\/\/www.fsf.si\/2021\/wp-content\/uploads\/2021\/10\/prasica.jpg\" class=\"attachment-full size-full wp-post-image\" alt=\"\" loading=\"lazy\" srcset=\"https:\/\/www.fsf.si\/2021\/wp-content\/uploads\/2021\/10\/prasica.jpg 773w, https:\/\/www.fsf.si\/2021\/wp-content\/uploads\/2021\/10\/prasica-300x155.jpg 300w, https:\/\/www.fsf.si\/2021\/wp-content\/uploads\/2021\/10\/prasica-768x397.jpg 768w\" sizes=\"(max-width: 773px) 100vw, 773px\" \/>\t\t\t\t\t\t\t\t\t<\/a>\n\t\t\t\t\t<\/div>\n        <div class=\"edgtf-bli-content\">\n                            <div class=\"edgtf-bli-info\">\n\t                <div itemprop=\"dateCreated\" class=\"edgtf-post-info-date entry-date published updated\">\n\t\t\t<a itemprop=\"url\" href=\"https:\/\/www.fsf.si\/2021\/2021\/10\/\">\n\t\t\t\t\t\t18\/10\/2021\t\t<\/a>\n\t\t<meta itemprop=\"interactionCount\" content=\"UserComments: 0\"\/>\n<\/div><div class=\"edgtf-post-info-author\">\n    <span class=\"edgtf-post-info-author-text\">\n        by    <\/span>\n    <a itemprop=\"author\" class=\"edgtf-post-info-author-link\" href=\"https:\/\/www.fsf.si\/2021\/author\/fsfsmail\/\">\n        FSFSmail    <\/a>\n<\/div>                <\/div>\n            \t\n\t        \n<h4 itemprop=\"name\" class=\"entry-title edgtf-post-title\" >\n            <a itemprop=\"url\" href=\"https:\/\/www.fsf.si\/2021\/podeljene-so-nagrade-24-fsf\/\" title=\"Podeljene so nagrade 24. FSF\">\n            Podeljene so nagrade 24. FSF            <\/a>\n    <\/h4>\t\n\t        <div class=\"edgtf-bli-excerpt\">\n\t\t        \t\t<div class=\"edgtf-post-excerpt-holder\">\n\t\t\t<p itemprop=\"description\" class=\"edgtf-post-excerpt\">\n\t\t\t\t\nV nedeljo zve\u010der smo na slavnostni prireditvi v Avditoriju Portoro\u017e podelili nagrade 24. FSF Portoro\u017e. Zmagovalni film\t\t\t<\/p>\n\t\t<\/div>\n\t\t        <\/div>\n        <\/div>\n\t<\/div>\n<\/li>\t\t<\/ul>\n\t<\/div>\n\t<\/div><\/div><\/div><\/div><\/div><\/div><\/div>\n","protected":false},"excerpt":{"rendered":"V nedeljo zve\u010der smo na slavnostni prireditvi v Avditoriju Portoro\u017e podelili nagrade 24. FSF Portoro\u017e. Zmagovalni film [...]","protected":false},"author":1,"featured_media":0,"parent":0,"menu_order":0,"comment_status":"closed","ping_status":"closed","template":"full-width.php","meta":[],"yoast_head":"<!-- This site is optimized with the Yoast SEO plugin v17.1 - https:\/\/yoast.com\/wordpress\/plugins\/seo\/ -->\n<title>Festival of Slovenian Film 2021 - FSF<\/title>\n<meta name=\"robots\" content=\"index, follow, max-snippet:-1, max-image-preview:large, max-video-preview:-1\" \/>\n<link rel=\"canonical\" href=\"https:\/\/www.fsf.si\/2021\/\" \/>\n<meta property=\"og:locale\" content=\"sl_SI\" \/>\n<meta property=\"og:type\" content=\"article\" \/>\n<meta property=\"og:title\" content=\"Festival of Slovenian Film 2021 - FSF\" \/>\n<meta property=\"og:url\" content=\"https:\/\/www.fsf.si\/2021\/en\/\" \/>\n<meta property=\"og:site_name\" content=\"FSF\" \/>\n<meta property=\"article:modified_time\" content=\"2021-10-10T08:51:19+00:00\" \/>\n<meta property=\"og:image\" content=\"https:\/\/www.fsf.si\/2021\/wp-content\/uploads\/2021\/06\/Generik-A.jpg\" \/>\n\t<meta property=\"og:image:width\" content=\"773\" \/>\n\t<meta property=\"og:image:height\" content=\"400\" \/>\n<meta name=\"twitter:card\" content=\"summary_large_image\" \/>\n<meta name=\"twitter:label1\" content=\"Est. reading time\" \/>\n\t<meta name=\"twitter:data1\" content=\"1 minuta\" \/>\n<script type=\"application\/ld+json\" class=\"yoast-schema-graph\">{\"@context\":\"https:\/\/schema.org\",\"@graph\":[{\"@type\":\"Organization\",\"@id\":\"https:\/\/www.fsf.si\/2021\/#organization\",\"name\":\"Festival Slovenskega Filma\",\"url\":\"https:\/\/www.fsf.si\/2021\/\",\"sameAs\":[],\"logo\":{\"@type\":\"ImageObject\",\"@id\":\"https:\/\/www.fsf.si\/2021\/#logo\",\"inLanguage\":\"sl-SI\",\"url\":\"https:\/\/www.fsf.si\/2021\/wp-content\/uploads\/2019\/06\/Slider-FSF.png\",\"contentUrl\":\"https:\/\/www.fsf.si\/2021\/wp-content\/uploads\/2019\/06\/Slider-FSF.png\",\"width\":4800,\"height\":1600,\"caption\":\"Festival Slovenskega Filma\"},\"image\":{\"@id\":\"https:\/\/www.fsf.si\/2021\/#logo\"}},{\"@type\":\"WebSite\",\"@id\":\"https:\/\/www.fsf.si\/2021\/#website\",\"url\":\"https:\/\/www.fsf.si\/2021\/\",\"name\":\"FSF\",\"description\":\"Festival Slovenskega Filma\",\"publisher\":{\"@id\":\"https:\/\/www.fsf.si\/2021\/#organization\"},\"potentialAction\":[{\"@type\":\"SearchAction\",\"target\":{\"@type\":\"EntryPoint\",\"urlTemplate\":\"https:\/\/www.fsf.si\/2021\/?s={search_term_string}\"},\"query-input\":\"required name=search_term_string\"}],\"inLanguage\":\"sl-SI\"},{\"@type\":\"ImageObject\",\"@id\":\"https:\/\/www.fsf.si\/2021\/en\/#primaryimage\",\"inLanguage\":\"sl-SI\",\"url\":\"https:\/\/www.fsf.si\/2021\/wp-content\/uploads\/2021\/06\/Generik-A.jpg\",\"contentUrl\":\"https:\/\/www.fsf.si\/2021\/wp-content\/uploads\/2021\/06\/Generik-A.jpg\",\"width\":773,\"height\":400},{\"@type\":\"WebPage\",\"@id\":\"https:\/\/www.fsf.si\/2021\/en\/#webpage\",\"url\":\"https:\/\/www.fsf.si\/2021\/en\/\",\"name\":\"Festival of Slovenian Film 2021 - FSF\",\"isPartOf\":{\"@id\":\"https:\/\/www.fsf.si\/2021\/#website\"},\"datePublished\":\"2018-04-17T07:39:30+00:00\",\"dateModified\":\"2021-10-10T08:51:19+00:00\",\"breadcrumb\":{\"@id\":\"https:\/\/www.fsf.si\/2021\/en\/#breadcrumb\"},\"inLanguage\":\"sl-SI\",\"potentialAction\":[{\"@type\":\"ReadAction\",\"target\":[\"https:\/\/www.fsf.si\/2021\/en\/\"]}]},{\"@type\":\"BreadcrumbList\",\"@id\":\"https:\/\/www.fsf.si\/2021\/en\/#breadcrumb\",\"itemListElement\":[{\"@type\":\"ListItem\",\"position\":1,\"name\":\"Home\",\"item\":\"https:\/\/www.fsf.si\/2021\/\"},{\"@type\":\"ListItem\",\"position\":2,\"name\":\"Festival of Slovenian Film 2021\"}]}]}<\/script>\n<!-- \/ Yoast SEO plugin. -->","yoast_head_json":{"title":"Festival of Slovenian Film 2021 - FSF","robots":{"index":"index","follow":"follow","max-snippet":"max-snippet:-1","max-image-preview":"max-image-preview:large","max-video-preview":"max-video-preview:-1"},"canonical":"https:\/\/www.fsf.si\/2021\/","og_locale":"sl_SI","og_type":"article","og_title":"Festival of Slovenian Film 2021 - FSF","og_url":"https:\/\/www.fsf.si\/2021\/en\/","og_site_name":"FSF","article_modified_time":"2021-10-10T08:51:19+00:00","og_image":[{"width":773,"height":400,"url":"https:\/\/www.fsf.si\/2021\/wp-content\/uploads\/2021\/06\/Generik-A.jpg","path":"\/var\/projects\/www.fsf.si\/www\/2021\/wp-content\/uploads\/2021\/06\/Generik-A.jpg","size":"full","id":"14953","alt":"","pixels":309200,"type":"image\/jpeg"}],"twitter_card":"summary_large_image","twitter_misc":{"Est. reading time":"1 minuta"},"schema":{"@context":"https:\/\/schema.org","@graph":[{"@type":"Organization","@id":"https:\/\/www.fsf.si\/2021\/#organization","name":"Festival Slovenskega Filma","url":"https:\/\/www.fsf.si\/2021\/","sameAs":[],"logo":{"@type":"ImageObject","@id":"https:\/\/www.fsf.si\/2021\/#logo","inLanguage":"sl-SI","url":"https:\/\/www.fsf.si\/2021\/wp-content\/uploads\/2019\/06\/Slider-FSF.png","contentUrl":"https:\/\/www.fsf.si\/2021\/wp-content\/uploads\/2019\/06\/Slider-FSF.png","width":4800,"height":1600,"caption":"Festival Slovenskega Filma"},"image":{"@id":"https:\/\/www.fsf.si\/2021\/#logo"}},{"@type":"WebSite","@id":"https:\/\/www.fsf.si\/2021\/#website","url":"https:\/\/www.fsf.si\/2021\/","name":"FSF","description":"Festival Slovenskega Filma","publisher":{"@id":"https:\/\/www.fsf.si\/2021\/#organization"},"potentialAction":[{"@type":"SearchAction","target":{"@type":"EntryPoint","urlTemplate":"https:\/\/www.fsf.si\/2021\/?s={search_term_string}"},"query-input":"required name=search_term_string"}],"inLanguage":"sl-SI"},{"@type":"ImageObject","@id":"https:\/\/www.fsf.si\/2021\/en\/#primaryimage","inLanguage":"sl-SI","url":"https:\/\/www.fsf.si\/2021\/wp-content\/uploads\/2021\/06\/Generik-A.jpg","contentUrl":"https:\/\/www.fsf.si\/2021\/wp-content\/uploads\/2021\/06\/Generik-A.jpg","width":773,"height":400},{"@type":"WebPage","@id":"https:\/\/www.fsf.si\/2021\/en\/#webpage","url":"https:\/\/www.fsf.si\/2021\/en\/","name":"Festival of Slovenian Film 2021 - FSF","isPartOf":{"@id":"https:\/\/www.fsf.si\/2021\/#website"},"datePublished":"2018-04-17T07:39:30+00:00","dateModified":"2021-10-10T08:51:19+00:00","breadcrumb":{"@id":"https:\/\/www.fsf.si\/2021\/en\/#breadcrumb"},"inLanguage":"sl-SI","potentialAction":[{"@type":"ReadAction","target":["https:\/\/www.fsf.si\/2021\/en\/"]}]},{"@type":"BreadcrumbList","@id":"https:\/\/www.fsf.si\/2021\/en\/#breadcrumb","itemListElement":[{"@type":"ListItem","position":1,"name":"Home","item":"https:\/\/www.fsf.si\/2021\/"},{"@type":"ListItem","position":2,"name":"Festival of Slovenian Film 2021"}]}]}},"_links":{"self":[{"href":"https:\/\/www.fsf.si\/2021\/wp-json\/wp\/v2\/pages\/95"}],"collection":[{"href":"https:\/\/www.fsf.si\/2021\/wp-json\/wp\/v2\/pages"}],"about":[{"href":"https:\/\/www.fsf.si\/2021\/wp-json\/wp\/v2\/types\/page"}],"author":[{"embeddable":true,"href":"https:\/\/www.fsf.si\/2021\/wp-json\/wp\/v2\/users\/1"}],"replies":[{"embeddable":true,"href":"https:\/\/www.fsf.si\/2021\/wp-json\/wp\/v2\/comments?post=95"}],"version-history":[{"count":113,"href":"https:\/\/www.fsf.si\/2021\/wp-json\/wp\/v2\/pages\/95\/revisions"}],"predecessor-version":[{"id":18641,"href":"https:\/\/www.fsf.si\/2021\/wp-json\/wp\/v2\/pages\/95\/revisions\/18641"}],"wp:attachment":[{"href":"https:\/\/www.fsf.si\/2021\/wp-json\/wp\/v2\/media?parent=95"}],"curies":[{"name":"wp","href":"https:\/\/api.w.org\/{rel}","templated":true}]}}