{"id":4654,"date":"2019-06-07T17:03:14","date_gmt":"2019-06-07T17:03:14","guid":{"rendered":"http:\/\/www.fsf.si\/2019\/?page_id=4654"},"modified":"2021-10-04T10:38:04","modified_gmt":"2021-10-04T08:38:04","slug":"predstavitev","status":"publish","type":"page","link":"https:\/\/www.fsf.si\/2021\/predstavitev\/","title":{"rendered":"Predstavitev"},"content":{"rendered":"<div class=\"vc_row wpb_row vc_row-fluid jury-team-item wpb_animate_when_almost_visible wpb_fadeInLeft fadeInLeft\" ><div class=\"wpb_column vc_column_container vc_col-sm-12\"><div class=\"vc_column-inner\"><div class=\"wpb_wrapper\">\n\t<div class=\"wpb_text_column wpb_content_element \" >\n\t\t<div class=\"wpb_wrapper\">\n\t\t\t<p style=\"text-align: justify;\"><strong>24. Festival slovenskega filma \u2013 12. do 17. oktober 2021, Portoro\u017e<\/strong><\/p>\n<p style=\"text-align: justify;\">Festival slovenskega filma (FSF) je pregled nove avdiovizualne produkcije, ki se zaklju\u010di s podelitvijo nagrad za najvidnej\u0161e dose\u017eke in ustvarjalce. Festival je naslednik Tedna doma\u010dega filma v Celju, ustanovljenega v sedemdesetih letih 20. stoletja, ki se je po osamosvojitvi preimenoval v Slovenski filmski maraton in preselil v Portoro\u017e, nato pa je naslednje leto prevzel sedanji naziv. Festival slovenskega filma je kulturni in strokovni dogodek, na katerem se sre\u010dujejo filmski ustvarjalci, strokovna javnost, poslovni partnerji in ljubitelji filma. Je vsakoletno sre\u010danje, na katerem se v \u0161estih zaporednih dneh odvrti sve\u017ea produkcija igranih, dokumentarnih, animiranih, eksperimentalnih, celove\u010dernih, srednjemetra\u017enih in kratkih filmov. Po projekcijah se ob prisotnosti \u0161tevilnih filmskih ustvarjalcev zvrstijo novinarske konference in pogovori o filmih; pomemben poudarek pa ima tudi strokovni program festivala s tematskimi konferencami, filmskimi delavnicami ter koprodukcijskimi sre\u010danji in mednarodnim sodelovanjem. Na festival so povabljeni razli\u010dni gostje iz Slovenije in tujine, prav tako pa je poskrbljeno za sprostitev, saj je festival namenjen tudi neformalnemu dru\u017eenju, ki je pomemben vir pretoka informacij tako med filmskimi ustvarjalci kot tudi ostalo javnostjo.<\/p>\n<p style=\"text-align: justify;\">Festival se zaklju\u010di s slovesno podelitvijo nagrad vesna. Vesna simbolizira priljubljenost junakinje iz legendarnega istoimenskega filma, ki ga je leta 1955 re\u017eiral Franti\u0161ek \u010cap. \u010ce\u0161ki re\u017eiser danes predstavlja enega stebrov zgodovine slovenskega filma in je svetel primer evropske kulturne povezanosti in odprtosti slovenske filmske produkcije. Festival povezuje nove pristope mlade generacije avtorjev z izro\u010dilom velikih imen slovenske filmske zgodovine, ki pa je vedno bolj povezana z evropsko filmsko ustvarjalnostjo.<\/p>\n<p style=\"text-align: justify;\">Slovenski filmski center v sodelovanju s filmskimi strokovnimi dru\u0161tvi na festivalu vsako leto podeli nagrado Metoda Badjure za \u017eivljenjsko delo filmskega ustvarjalca, ki nosi ime po pionirju dokumentarnega filma.<\/p>\n<p style=\"text-align: justify;\">Po enoletnem premoru se torej festival ponovno vra\u010da v Portoro\u017e. Na lokacijo, ki ima naklonjenost ve\u010dine slovenskih filmskih ustvarjalcev. V \u017eivo! Vse sile bodo usmerjene v to.<\/p>\n<p style=\"text-align: justify;\"><em>Bojan Labovi\u0107, direktor festivala<\/em><br \/>\n<a href=\"http:\/\/www.fsf.si\">www.fsf.si<\/a><\/p>\n\n\t\t<\/div>\n\t<\/div>\n<\/div><\/div><\/div><\/div>\n","protected":false},"excerpt":{"rendered":"24. Festival slovenskega filma \u2013 12. do 17. oktober 2021, Portoro\u017e Festival slovenskega filma (FSF) je pregled [...]","protected":false},"author":1,"featured_media":0,"parent":0,"menu_order":0,"comment_status":"closed","ping_status":"closed","template":"","meta":[],"yoast_head":"<!-- This site is optimized with the Yoast SEO plugin v17.1 - https:\/\/yoast.com\/wordpress\/plugins\/seo\/ -->\n<title>Predstavitev - FSF<\/title>\n<meta name=\"robots\" content=\"index, follow, max-snippet:-1, max-image-preview:large, max-video-preview:-1\" \/>\n<link rel=\"canonical\" href=\"https:\/\/www.fsf.si\/2021\/predstavitev\/\" \/>\n<meta property=\"og:locale\" content=\"sl_SI\" \/>\n<meta property=\"og:type\" content=\"article\" \/>\n<meta property=\"og:title\" content=\"Predstavitev - FSF\" \/>\n<meta property=\"og:url\" content=\"https:\/\/www.fsf.si\/2021\/predstavitev\/\" \/>\n<meta property=\"og:site_name\" content=\"FSF\" \/>\n<meta property=\"article:modified_time\" content=\"2021-10-04T08:38:04+00:00\" \/>\n<meta name=\"twitter:card\" content=\"summary_large_image\" \/>\n<meta name=\"twitter:label1\" content=\"Est. reading time\" \/>\n\t<meta name=\"twitter:data1\" content=\"2 minuti\" \/>\n<script type=\"application\/ld+json\" class=\"yoast-schema-graph\">{\"@context\":\"https:\/\/schema.org\",\"@graph\":[{\"@type\":\"Organization\",\"@id\":\"https:\/\/www.fsf.si\/2021\/#organization\",\"name\":\"Festival Slovenskega Filma\",\"url\":\"https:\/\/www.fsf.si\/2021\/\",\"sameAs\":[],\"logo\":{\"@type\":\"ImageObject\",\"@id\":\"https:\/\/www.fsf.si\/2021\/#logo\",\"inLanguage\":\"sl-SI\",\"url\":\"https:\/\/www.fsf.si\/2021\/wp-content\/uploads\/2019\/06\/Slider-FSF.png\",\"contentUrl\":\"https:\/\/www.fsf.si\/2021\/wp-content\/uploads\/2019\/06\/Slider-FSF.png\",\"width\":4800,\"height\":1600,\"caption\":\"Festival Slovenskega Filma\"},\"image\":{\"@id\":\"https:\/\/www.fsf.si\/2021\/#logo\"}},{\"@type\":\"WebSite\",\"@id\":\"https:\/\/www.fsf.si\/2021\/#website\",\"url\":\"https:\/\/www.fsf.si\/2021\/\",\"name\":\"FSF\",\"description\":\"Festival Slovenskega Filma\",\"publisher\":{\"@id\":\"https:\/\/www.fsf.si\/2021\/#organization\"},\"potentialAction\":[{\"@type\":\"SearchAction\",\"target\":{\"@type\":\"EntryPoint\",\"urlTemplate\":\"https:\/\/www.fsf.si\/2021\/?s={search_term_string}\"},\"query-input\":\"required name=search_term_string\"}],\"inLanguage\":\"sl-SI\"},{\"@type\":\"WebPage\",\"@id\":\"https:\/\/www.fsf.si\/2021\/predstavitev\/#webpage\",\"url\":\"https:\/\/www.fsf.si\/2021\/predstavitev\/\",\"name\":\"Predstavitev - FSF\",\"isPartOf\":{\"@id\":\"https:\/\/www.fsf.si\/2021\/#website\"},\"datePublished\":\"2019-06-07T17:03:14+00:00\",\"dateModified\":\"2021-10-04T08:38:04+00:00\",\"breadcrumb\":{\"@id\":\"https:\/\/www.fsf.si\/2021\/predstavitev\/#breadcrumb\"},\"inLanguage\":\"sl-SI\",\"potentialAction\":[{\"@type\":\"ReadAction\",\"target\":[\"https:\/\/www.fsf.si\/2021\/predstavitev\/\"]}]},{\"@type\":\"BreadcrumbList\",\"@id\":\"https:\/\/www.fsf.si\/2021\/predstavitev\/#breadcrumb\",\"itemListElement\":[{\"@type\":\"ListItem\",\"position\":1,\"name\":\"Home\",\"item\":\"https:\/\/www.fsf.si\/2021\/\"},{\"@type\":\"ListItem\",\"position\":2,\"name\":\"Predstavitev\"}]}]}<\/script>\n<!-- \/ Yoast SEO plugin. -->","yoast_head_json":{"title":"Predstavitev - FSF","robots":{"index":"index","follow":"follow","max-snippet":"max-snippet:-1","max-image-preview":"max-image-preview:large","max-video-preview":"max-video-preview:-1"},"canonical":"https:\/\/www.fsf.si\/2021\/predstavitev\/","og_locale":"sl_SI","og_type":"article","og_title":"Predstavitev - FSF","og_url":"https:\/\/www.fsf.si\/2021\/predstavitev\/","og_site_name":"FSF","article_modified_time":"2021-10-04T08:38:04+00:00","twitter_card":"summary_large_image","twitter_misc":{"Est. reading time":"2 minuti"},"schema":{"@context":"https:\/\/schema.org","@graph":[{"@type":"Organization","@id":"https:\/\/www.fsf.si\/2021\/#organization","name":"Festival Slovenskega Filma","url":"https:\/\/www.fsf.si\/2021\/","sameAs":[],"logo":{"@type":"ImageObject","@id":"https:\/\/www.fsf.si\/2021\/#logo","inLanguage":"sl-SI","url":"https:\/\/www.fsf.si\/2021\/wp-content\/uploads\/2019\/06\/Slider-FSF.png","contentUrl":"https:\/\/www.fsf.si\/2021\/wp-content\/uploads\/2019\/06\/Slider-FSF.png","width":4800,"height":1600,"caption":"Festival Slovenskega Filma"},"image":{"@id":"https:\/\/www.fsf.si\/2021\/#logo"}},{"@type":"WebSite","@id":"https:\/\/www.fsf.si\/2021\/#website","url":"https:\/\/www.fsf.si\/2021\/","name":"FSF","description":"Festival Slovenskega Filma","publisher":{"@id":"https:\/\/www.fsf.si\/2021\/#organization"},"potentialAction":[{"@type":"SearchAction","target":{"@type":"EntryPoint","urlTemplate":"https:\/\/www.fsf.si\/2021\/?s={search_term_string}"},"query-input":"required name=search_term_string"}],"inLanguage":"sl-SI"},{"@type":"WebPage","@id":"https:\/\/www.fsf.si\/2021\/predstavitev\/#webpage","url":"https:\/\/www.fsf.si\/2021\/predstavitev\/","name":"Predstavitev - FSF","isPartOf":{"@id":"https:\/\/www.fsf.si\/2021\/#website"},"datePublished":"2019-06-07T17:03:14+00:00","dateModified":"2021-10-04T08:38:04+00:00","breadcrumb":{"@id":"https:\/\/www.fsf.si\/2021\/predstavitev\/#breadcrumb"},"inLanguage":"sl-SI","potentialAction":[{"@type":"ReadAction","target":["https:\/\/www.fsf.si\/2021\/predstavitev\/"]}]},{"@type":"BreadcrumbList","@id":"https:\/\/www.fsf.si\/2021\/predstavitev\/#breadcrumb","itemListElement":[{"@type":"ListItem","position":1,"name":"Home","item":"https:\/\/www.fsf.si\/2021\/"},{"@type":"ListItem","position":2,"name":"Predstavitev"}]}]}},"_links":{"self":[{"href":"https:\/\/www.fsf.si\/2021\/wp-json\/wp\/v2\/pages\/4654"}],"collection":[{"href":"https:\/\/www.fsf.si\/2021\/wp-json\/wp\/v2\/pages"}],"about":[{"href":"https:\/\/www.fsf.si\/2021\/wp-json\/wp\/v2\/types\/page"}],"author":[{"embeddable":true,"href":"https:\/\/www.fsf.si\/2021\/wp-json\/wp\/v2\/users\/1"}],"replies":[{"embeddable":true,"href":"https:\/\/www.fsf.si\/2021\/wp-json\/wp\/v2\/comments?post=4654"}],"version-history":[{"count":29,"href":"https:\/\/www.fsf.si\/2021\/wp-json\/wp\/v2\/pages\/4654\/revisions"}],"predecessor-version":[{"id":17937,"href":"https:\/\/www.fsf.si\/2021\/wp-json\/wp\/v2\/pages\/4654\/revisions\/17937"}],"wp:attachment":[{"href":"https:\/\/www.fsf.si\/2021\/wp-json\/wp\/v2\/media?parent=4654"}],"curies":[{"name":"wp","href":"https:\/\/api.w.org\/{rel}","templated":true}]}}