{"id":17583,"date":"2021-10-01T14:31:27","date_gmt":"2021-10-01T12:31:27","guid":{"rendered":"https:\/\/www.fsf.si\/2021\/?page_id=17583"},"modified":"2021-10-14T19:20:31","modified_gmt":"2021-10-14T17:20:31","slug":"festivalska-druzenja","status":"publish","type":"page","link":"https:\/\/www.fsf.si\/2021\/festivalska-druzenja\/","title":{"rendered":"Festivalska dru\u017eenja"},"content":{"rendered":"<div class=\"edgtf-row-grid-section-wrapper \"  ><div class=\"edgtf-row-grid-section\"><div class=\"vc_row wpb_row vc_row-fluid wpb_animate_when_almost_visible wpb_fadeInRightBig fadeInRightBig vc_custom_1633089431419 vc_row-o-content-middle vc_row-flex\" ><div class=\"wpb_animate_when_almost_visible wpb_rollIn rollIn wpb_column vc_column_container vc_col-sm-12\"><div class=\"vc_column-inner vc_custom_1633016066484\"><div class=\"wpb_wrapper\"><div class=\"vc_row wpb_row vc_inner vc_row-fluid\" ><div class=\"wpb_column vc_column_container vc_col-sm-3\"><div class=\"vc_column-inner\"><div class=\"wpb_wrapper\">\n\t<div class=\"wpb_text_column wpb_content_element \" >\n\t\t<div class=\"wpb_wrapper\">\n\t\t\t<p><span style=\"font-size: 12pt; color: #000000;\"><strong><span style=\"font-family: 'courier new', courier, monospace;\">SREDA 13\/10 ob 23.00<\/span><\/strong><\/span><\/p>\n\n\t\t<\/div>\n\t<\/div>\n<div class=\"edgtf-single-image-holder    edgtf-image-behavior-custom-link edgtf-image-align-left\">\n    <div class=\"edgtf-si-inner\" >\n                                    <img width=\"586\" height=\"400\" src=\"https:\/\/www.fsf.si\/2021\/wp-content\/uploads\/2021\/10\/DJ.png\" class=\"attachment-full size-full\" alt=\"\" loading=\"lazy\" srcset=\"https:\/\/www.fsf.si\/2021\/wp-content\/uploads\/2021\/10\/DJ.png 586w, https:\/\/www.fsf.si\/2021\/wp-content\/uploads\/2021\/10\/DJ-300x205.png 300w\" sizes=\"(max-width: 586px) 100vw, 586px\" \/>\t                                            <\/a>\n            <\/div>\n<\/div>\n\t<div class=\"wpb_text_column wpb_content_element \" >\n\t\t<div class=\"wpb_wrapper\">\n\t\t\t<p style=\"text-align: justify;\"><strong>DJ Brane Ron\u010del<\/strong><\/p>\n<p>DJ + izbor koncertov<br \/>\nBrane Ron\u010del<\/p>\n<p><strong>Produkcija:<\/strong> BR\/FSF<\/p>\n\n\t\t<\/div>\n\t<\/div>\n<\/div><\/div><\/div><div class=\"wpb_column vc_column_container vc_col-sm-3\"><div class=\"vc_column-inner\"><div class=\"wpb_wrapper\">\n\t<div class=\"wpb_text_column wpb_content_element \" >\n\t\t<div class=\"wpb_wrapper\">\n\t\t\t<p><span style=\"font-family: 'courier new', courier, monospace; font-size: 12pt;\"><strong>\u010cETRTEK 14\/10 ob 23.00<\/strong><\/span><\/p>\n\n\t\t<\/div>\n\t<\/div>\n<div class=\"edgtf-single-image-holder    edgtf-image-behavior-custom-link edgtf-image-align-left\">\n    <div class=\"edgtf-si-inner\" >\n                                    <img width=\"586\" height=\"400\" src=\"https:\/\/www.fsf.si\/2021\/wp-content\/uploads\/2021\/10\/lovro.png\" class=\"attachment-full size-full\" alt=\"\" loading=\"lazy\" srcset=\"https:\/\/www.fsf.si\/2021\/wp-content\/uploads\/2021\/10\/lovro.png 586w, https:\/\/www.fsf.si\/2021\/wp-content\/uploads\/2021\/10\/lovro-300x205.png 300w\" sizes=\"(max-width: 586px) 100vw, 586px\" \/>\t                                            <\/a>\n            <\/div>\n<\/div>\n\t<div class=\"wpb_text_column wpb_content_element \" >\n\t\t<div class=\"wpb_wrapper\">\n\t\t\t<p><strong>Lovro Ravbar &amp; Get On Board Collective<\/strong><\/p>\n<p style=\"text-align: justify;\">Lovro Ravbar se v dojemanju glasbe ne omejuje s strogimi slogovnimi smernicami, dojema jo kot \u0161irno planjavo in ne kot ozko pot v eno smer. Od izida albuma Get On Board leta 2017 s svojo osem\u010dlansko zasedbo navdu\u0161uje ob\u010dinstvo z velikimi odmerkom ritma in bogato harmonijo ter z odli\u010dnimi solisti.<\/p>\n\n\t\t<\/div>\n\t<\/div>\n<\/div><\/div><\/div><div class=\"wpb_column vc_column_container vc_col-sm-3\"><div class=\"vc_column-inner\"><div class=\"wpb_wrapper\">\n\t<div class=\"wpb_text_column wpb_content_element \" >\n\t\t<div class=\"wpb_wrapper\">\n\t\t\t<p><span style=\"font-family: 'courier new', courier, monospace; font-size: 12pt;\"><strong>PETEK 15\/10 ob 23.00<\/strong><\/span><\/p>\n\n\t\t<\/div>\n\t<\/div>\n<div class=\"edgtf-single-image-holder    edgtf-image-behavior-custom-link edgtf-image-align-left\">\n    <div class=\"edgtf-si-inner\" >\n                                    <img width=\"586\" height=\"400\" src=\"https:\/\/www.fsf.si\/2021\/wp-content\/uploads\/2021\/10\/keny.png\" class=\"attachment-full size-full\" alt=\"\" loading=\"lazy\" srcset=\"https:\/\/www.fsf.si\/2021\/wp-content\/uploads\/2021\/10\/keny.png 586w, https:\/\/www.fsf.si\/2021\/wp-content\/uploads\/2021\/10\/keny-300x205.png 300w\" sizes=\"(max-width: 586px) 100vw, 586px\" \/>\t                                            <\/a>\n            <\/div>\n<\/div>\n\t<div class=\"wpb_text_column wpb_content_element \" >\n\t\t<div class=\"wpb_wrapper\">\n\t\t\t<p style=\"text-align: justify;\"><strong>Kenny Blues Boss Wayne<\/strong><\/p>\n<p style=\"text-align: justify;\">Sedeminsedemdesetletni Kenny Wayne je pianist, pevec, tekstopisec, znan po svojem obvladovanju klasi\u010dnega boogie-woogieja, starega bluesa, swinga in jazza New Orleansa. V svoji desetletja dolgi karieri je igral tudi z glasbeniki v jazzu, latino-jazzu (Latin Jazz Prophets), rocku (Delaney &amp; Bonnie), r &amp; b-ju in soulu (Delaney &amp; Bonnie). V zasedbi leto\u0161nje jesenske evropske turneje je tudi Russell Jackson, dolgoletni basist kralja bluesa B. B. Kinga.<\/p>\n\n\t\t<\/div>\n\t<\/div>\n<\/div><\/div><\/div><div class=\"wpb_column vc_column_container vc_col-sm-3\"><div class=\"vc_column-inner\"><div class=\"wpb_wrapper\">\n\t<div class=\"wpb_text_column wpb_content_element \" >\n\t\t<div class=\"wpb_wrapper\">\n\t\t\t<p><span style=\"font-size: 12pt;\"><strong><span style=\"font-family: 'courier new', courier, monospace;\">SOBOTA 16\/10 ob 23.00<\/span><\/strong><\/span><\/p>\n\n\t\t<\/div>\n\t<\/div>\n<div class=\"edgtf-single-image-holder    edgtf-image-behavior-custom-link edgtf-image-align-left\">\n    <div class=\"edgtf-si-inner\" >\n                                    <img width=\"586\" height=\"400\" src=\"https:\/\/www.fsf.si\/2021\/wp-content\/uploads\/2021\/10\/22.png\" class=\"attachment-full size-full\" alt=\"\" loading=\"lazy\" srcset=\"https:\/\/www.fsf.si\/2021\/wp-content\/uploads\/2021\/10\/22.png 586w, https:\/\/www.fsf.si\/2021\/wp-content\/uploads\/2021\/10\/22-300x205.png 300w\" sizes=\"(max-width: 586px) 100vw, 586px\" \/>\t                                            <\/a>\n            <\/div>\n<\/div>\n\t<div class=\"wpb_text_column wpb_content_element \" >\n\t\t<div class=\"wpb_wrapper\">\n\t\t\t<p style=\"text-align: justify;\"><strong>The Dreams<\/strong><\/p>\n<p style=\"text-align: justify;\">The Dreams, najbolj\u0161i slovenski jam band, je nastal ob koncu leta 2011. Southern rock in blues sta preozka okvira za opis \u017eanra te sedem\u010dlanske zasedbe, sta pa trden temelj za \u017eivo improvizacijo, ki se vedno znova zgodi med nastopi. Glavna motiva za nastanek in delovanje skupine The Dreams sta odkrivanje bogastva dinami\u010dne glasbe, polne improvizacij, in pretakanje pozitivne energije med glasbeniki in poslu\u0161alci.<\/p>\n\n\t\t<\/div>\n\t<\/div>\n<\/div><\/div><\/div><\/div><div class=\"vc_empty_space\"   style=\"height: 30px\"><span class=\"vc_empty_space_inner\"><\/span><\/div>\n\t<div class=\"wpb_text_column wpb_content_element \" >\n\t\t<div class=\"wpb_wrapper\">\n\t\t\t<div><b><i>Vstopnice za festivalska dru\u017eenja<\/i><\/b><\/div>\n<div><i>\u00a0<\/i><\/div>\n<div><i>Omejeno \u0161tevilo brezpla\u010dnih vstopnic za festivalska dru\u017eenja v Monfortu je na voljo na info to\u010dki festivala v avli Avditorija Portoro\u017e in v Monfortu (v \u010dasu filmskih projekcij). Posameznik lahko isto\u010dasno dvigne najve\u010d 4 vstopnice.\u00a0<\/i><\/div>\n\n\t\t<\/div>\n\t<\/div>\n<\/div><\/div><\/div><\/div><\/div><\/div>\n","protected":false},"excerpt":{"rendered":"SREDA 13\/10 ob 23.00 DJ Brane Ron\u010del DJ + izbor koncertov Brane Ron\u010del Produkcija: BR\/FSF \u010cETRTEK 14\/10 [...]","protected":false},"author":1,"featured_media":0,"parent":0,"menu_order":0,"comment_status":"closed","ping_status":"closed","template":"","meta":[],"yoast_head":"<!-- This site is optimized with the Yoast SEO plugin v17.1 - https:\/\/yoast.com\/wordpress\/plugins\/seo\/ -->\n<title>Festivalska dru\u017eenja - FSF<\/title>\n<meta name=\"robots\" content=\"index, follow, max-snippet:-1, max-image-preview:large, max-video-preview:-1\" \/>\n<link rel=\"canonical\" href=\"https:\/\/www.fsf.si\/2021\/festivalska-druzenja\/\" \/>\n<meta property=\"og:locale\" content=\"sl_SI\" \/>\n<meta property=\"og:type\" content=\"article\" \/>\n<meta property=\"og:title\" content=\"Festivalska dru\u017eenja - FSF\" \/>\n<meta property=\"og:url\" content=\"https:\/\/www.fsf.si\/2021\/festivalska-druzenja\/\" \/>\n<meta property=\"og:site_name\" content=\"FSF\" \/>\n<meta property=\"article:modified_time\" content=\"2021-10-14T17:20:31+00:00\" \/>\n<meta name=\"twitter:card\" content=\"summary_large_image\" \/>\n<meta name=\"twitter:label1\" content=\"Est. reading time\" \/>\n\t<meta name=\"twitter:data1\" content=\"2 minuti\" \/>\n<script type=\"application\/ld+json\" class=\"yoast-schema-graph\">{\"@context\":\"https:\/\/schema.org\",\"@graph\":[{\"@type\":\"Organization\",\"@id\":\"https:\/\/www.fsf.si\/2021\/#organization\",\"name\":\"Festival Slovenskega Filma\",\"url\":\"https:\/\/www.fsf.si\/2021\/\",\"sameAs\":[],\"logo\":{\"@type\":\"ImageObject\",\"@id\":\"https:\/\/www.fsf.si\/2021\/#logo\",\"inLanguage\":\"sl-SI\",\"url\":\"https:\/\/www.fsf.si\/2021\/wp-content\/uploads\/2019\/06\/Slider-FSF.png\",\"contentUrl\":\"https:\/\/www.fsf.si\/2021\/wp-content\/uploads\/2019\/06\/Slider-FSF.png\",\"width\":4800,\"height\":1600,\"caption\":\"Festival Slovenskega Filma\"},\"image\":{\"@id\":\"https:\/\/www.fsf.si\/2021\/#logo\"}},{\"@type\":\"WebSite\",\"@id\":\"https:\/\/www.fsf.si\/2021\/#website\",\"url\":\"https:\/\/www.fsf.si\/2021\/\",\"name\":\"FSF\",\"description\":\"Festival Slovenskega Filma\",\"publisher\":{\"@id\":\"https:\/\/www.fsf.si\/2021\/#organization\"},\"potentialAction\":[{\"@type\":\"SearchAction\",\"target\":{\"@type\":\"EntryPoint\",\"urlTemplate\":\"https:\/\/www.fsf.si\/2021\/?s={search_term_string}\"},\"query-input\":\"required name=search_term_string\"}],\"inLanguage\":\"sl-SI\"},{\"@type\":\"WebPage\",\"@id\":\"https:\/\/www.fsf.si\/2021\/festivalska-druzenja\/#webpage\",\"url\":\"https:\/\/www.fsf.si\/2021\/festivalska-druzenja\/\",\"name\":\"Festivalska dru\\u017eenja - FSF\",\"isPartOf\":{\"@id\":\"https:\/\/www.fsf.si\/2021\/#website\"},\"datePublished\":\"2021-10-01T12:31:27+00:00\",\"dateModified\":\"2021-10-14T17:20:31+00:00\",\"breadcrumb\":{\"@id\":\"https:\/\/www.fsf.si\/2021\/festivalska-druzenja\/#breadcrumb\"},\"inLanguage\":\"sl-SI\",\"potentialAction\":[{\"@type\":\"ReadAction\",\"target\":[\"https:\/\/www.fsf.si\/2021\/festivalska-druzenja\/\"]}]},{\"@type\":\"BreadcrumbList\",\"@id\":\"https:\/\/www.fsf.si\/2021\/festivalska-druzenja\/#breadcrumb\",\"itemListElement\":[{\"@type\":\"ListItem\",\"position\":1,\"name\":\"Home\",\"item\":\"https:\/\/www.fsf.si\/2021\/\"},{\"@type\":\"ListItem\",\"position\":2,\"name\":\"Festivalska dru\\u017eenja\"}]}]}<\/script>\n<!-- \/ Yoast SEO plugin. -->","yoast_head_json":{"title":"Festivalska dru\u017eenja - FSF","robots":{"index":"index","follow":"follow","max-snippet":"max-snippet:-1","max-image-preview":"max-image-preview:large","max-video-preview":"max-video-preview:-1"},"canonical":"https:\/\/www.fsf.si\/2021\/festivalska-druzenja\/","og_locale":"sl_SI","og_type":"article","og_title":"Festivalska dru\u017eenja - FSF","og_url":"https:\/\/www.fsf.si\/2021\/festivalska-druzenja\/","og_site_name":"FSF","article_modified_time":"2021-10-14T17:20:31+00:00","twitter_card":"summary_large_image","twitter_misc":{"Est. reading time":"2 minuti"},"schema":{"@context":"https:\/\/schema.org","@graph":[{"@type":"Organization","@id":"https:\/\/www.fsf.si\/2021\/#organization","name":"Festival Slovenskega Filma","url":"https:\/\/www.fsf.si\/2021\/","sameAs":[],"logo":{"@type":"ImageObject","@id":"https:\/\/www.fsf.si\/2021\/#logo","inLanguage":"sl-SI","url":"https:\/\/www.fsf.si\/2021\/wp-content\/uploads\/2019\/06\/Slider-FSF.png","contentUrl":"https:\/\/www.fsf.si\/2021\/wp-content\/uploads\/2019\/06\/Slider-FSF.png","width":4800,"height":1600,"caption":"Festival Slovenskega Filma"},"image":{"@id":"https:\/\/www.fsf.si\/2021\/#logo"}},{"@type":"WebSite","@id":"https:\/\/www.fsf.si\/2021\/#website","url":"https:\/\/www.fsf.si\/2021\/","name":"FSF","description":"Festival Slovenskega Filma","publisher":{"@id":"https:\/\/www.fsf.si\/2021\/#organization"},"potentialAction":[{"@type":"SearchAction","target":{"@type":"EntryPoint","urlTemplate":"https:\/\/www.fsf.si\/2021\/?s={search_term_string}"},"query-input":"required name=search_term_string"}],"inLanguage":"sl-SI"},{"@type":"WebPage","@id":"https:\/\/www.fsf.si\/2021\/festivalska-druzenja\/#webpage","url":"https:\/\/www.fsf.si\/2021\/festivalska-druzenja\/","name":"Festivalska dru\u017eenja - FSF","isPartOf":{"@id":"https:\/\/www.fsf.si\/2021\/#website"},"datePublished":"2021-10-01T12:31:27+00:00","dateModified":"2021-10-14T17:20:31+00:00","breadcrumb":{"@id":"https:\/\/www.fsf.si\/2021\/festivalska-druzenja\/#breadcrumb"},"inLanguage":"sl-SI","potentialAction":[{"@type":"ReadAction","target":["https:\/\/www.fsf.si\/2021\/festivalska-druzenja\/"]}]},{"@type":"BreadcrumbList","@id":"https:\/\/www.fsf.si\/2021\/festivalska-druzenja\/#breadcrumb","itemListElement":[{"@type":"ListItem","position":1,"name":"Home","item":"https:\/\/www.fsf.si\/2021\/"},{"@type":"ListItem","position":2,"name":"Festivalska dru\u017eenja"}]}]}},"_links":{"self":[{"href":"https:\/\/www.fsf.si\/2021\/wp-json\/wp\/v2\/pages\/17583"}],"collection":[{"href":"https:\/\/www.fsf.si\/2021\/wp-json\/wp\/v2\/pages"}],"about":[{"href":"https:\/\/www.fsf.si\/2021\/wp-json\/wp\/v2\/types\/page"}],"author":[{"embeddable":true,"href":"https:\/\/www.fsf.si\/2021\/wp-json\/wp\/v2\/users\/1"}],"replies":[{"embeddable":true,"href":"https:\/\/www.fsf.si\/2021\/wp-json\/wp\/v2\/comments?post=17583"}],"version-history":[{"count":22,"href":"https:\/\/www.fsf.si\/2021\/wp-json\/wp\/v2\/pages\/17583\/revisions"}],"predecessor-version":[{"id":18755,"href":"https:\/\/www.fsf.si\/2021\/wp-json\/wp\/v2\/pages\/17583\/revisions\/18755"}],"wp:attachment":[{"href":"https:\/\/www.fsf.si\/2021\/wp-json\/wp\/v2\/media?parent=17583"}],"curies":[{"name":"wp","href":"https:\/\/api.w.org\/{rel}","templated":true}]}}